sor of 61 and 11346.
61
What is the highest common factor of 1694 and 42?
14
Calculate the greatest common factor of 99 and 374.
11
Calculate the highest common divisor of 4 and 16.
4
Calculate the greatest common divisor of 159 and 12.
3
What is the greatest common factor of 17 and 1?
1
What is the greatest common factor of 288 and 32?
32
What is the highest common factor of 26 and 182?
26
Calculate the greatest common divisor of 31 and 217.
31
What is the greatest common factor of 1097 and 1?
1
Calculate the greatest common factor of 989 and 129.
43
What is the highest common divisor of 200 and 7720?
40
What is the greatest common factor of 172 and 1548?
172
Calculate the highest common divisor of 18 and 3582.
18
Calculate the greatest common factor of 39 and 36.
3
Calculate the greatest common factor of 80 and 13960.
40
What is the highest common factor of 24 and 9120?
24
What is the greatest common factor of 2548 and 208?
52
Calculate the highest common factor of 16 and 44.
4
What is the greatest common divisor of 300 and 13100?
100
What is the greatest common divisor of 3 and 687?
3
What is the highest common divisor of 18 and 1902?
6
Calculate the greatest common divisor of 12615 and 261.
87
Calculate the greatest common factor of 1969 and 7339.
179
Calculate the highest common divisor of 6148 and 3180.
212
Calculate the highest common factor of 7571 and 339.
113
Calculate the greatest common factor of 234 and 26.
26
What is the greatest common divisor of 24 and 3976?
8
What is the highest common factor of 302 and 34?
2
Calculate the highest common factor of 3 and 1119.
3
What is the highest common divisor of 49 and 3?
1
What is the greatest common factor of 989 and 1204?
43
What is the highest common factor of 1750 and 770?
70
Calculate the greatest common factor of 2890 and 10.
10
What is the highest common factor of 220 and 290?
10
Calculate the greatest common divisor of 297 and 1122.
33
What is the highest common factor of 3029 and 130?
13
What is the highest common factor of 54 and 711?
9
What is the greatest common divisor of 5567 and 1172?
293
Calculate the greatest common factor of 176 and 11132.
44
Calculate the greatest common divisor of 84 and 516.
12
What is the highest common divisor of 32 and 2?
2
Calculate the greatest common divisor of 459 and 102.
51
Calculate the greatest common divisor of 466 and 2.
2
What is the highest common factor of 220 and 20?
20
What is the greatest common factor of 2637 and 18?
9
What is the highest common divisor of 36 and 63?
9
What is the highest common divisor of 840 and 390?
30
What is the highest common factor of 68 and 1326?
34
Calculate the greatest common factor of 40 and 730.
10
Calculate the greatest common factor of 525 and 300.
75
What is the greatest common divisor of 592 and 336?
16
Calculate the highest common divisor of 4160 and 10.
10
Calculate the greatest common factor of 48 and 66.
6
What is the highest common factor of 12 and 4?
4
Calculate the greatest common divisor of 1035 and 4255.
115
Calculate the greatest common factor of 248 and 20.
4
What is the highest common divisor of 219 and 12?
3
What is the highest common factor of 3596 and 62?
62
What is the highest common divisor of 247 and 1?
1
What is the greatest common divisor of 88 and 40?
8
What is the greatest common divisor of 4884 and 1650?
66
Calculate the greatest common divisor of 27 and 10233.
27
What is the highest common factor of 180 and 390?
30
Calculate the greatest common factor of 19781 and 151.
151
What is the greatest common divisor of 99 and 649?
11
Calculate the highest common factor of 69 and 1265.
23
What is the greatest common factor of 210 and 1554?
42
What is the greatest common divisor of 428 and 8?
4
What is the greatest common factor of 540 and 1500?
60
What is the highest common divisor of 123 and 6519?
123
Calculate the greatest common factor of 6 and 54.
6
What is the greatest common factor of 48 and 104?
8
What is the greatest common factor of 494 and 513?
19
What is the highest common factor of 20 and 6740?
20
Calculate the highest common factor of 99 and 1419.
33
Calculate the highest common divisor of 45 and 405.
45
Calculate the highest common divisor of 1599 and 52.
13
Calculate the highest common factor of 576 and 88.
8
What is the highest common factor of 235 and 329?
47
What is the highest common factor of 120 and 2820?
60
What is the highest common factor of 12591 and 9?
9
What is the highest common factor of 135 and 108?
27
What is the greatest common divisor of 548 and 3425?
137
What is the greatest common divisor of 256 and 8?
8
What is the highest common factor of 2002 and 77?
77
What is the highest common divisor of 23 and 46?
23
What is the highest common divisor of 16 and 6?
2
Calculate the highest common factor of 25 and 1825.
25
What is the highest common factor of 13 and 1456?
13
What is the highest common divisor of 200 and 80?
40
What is the highest common divisor of 43 and 10363?
43
What is the greatest common divisor of 363 and 2057?
121
Calculate the greatest common divisor of 28 and 18004.
28
What is the greatest common factor of 590 and 826?
118
Calculate the highest common divisor of 238 and 12172.
34
Calculate the highest common factor of 28 and 2836.
4
What is the greatest common divisor of 45 and 435?
15
Calculate the greatest common divisor of 1872 and 36.
36
What is the greatest common factor of 100 and 18?
2
Calculate the greatest common factor of 1224 and 765.
153
What is the highest common divisor of 1935 and 315?
45
Calculate the greatest common divisor of 890 and 130.
10
What is the highest common divisor of 8531 and 57?
19
What is the greatest common divisor of 44 and 341?
11
What is the highest common factor of 3668 and 7?
7
What is the highest common factor of 90 and 735?
15
What is the greatest common factor of 22 and 102?
2
What is the highest common divisor of 116 and 4?
4
Calculate the highest common divisor of 12 and 17772.
12
What is the greatest common divisor of 714 and 126?
42
What is the highest common divisor of 176 and 1496?
88
What is the highest common divisor of 48 and 312?
24
Calculate the greatest common divisor of 4565 and 55.
55
What is the highest common factor of 8 and 98?
2
What is the highest common factor of 14 and 98?
14
Calculate the greatest common divisor of 18 and 218034.
18
Calculate the greatest common divisor of 170 and 40.
10
Calculate the highest common divisor of 320 and 192.
64
What is the highest common factor of 52 and 100?
4
Calculate the greatest common divisor of 588 and 144.
12
What is the highest common factor of 259 and 7?
7
Calculate the greatest common divisor of 117 and 21.
3
What is the highest common factor of 48 and 123?
3
Calculate the greatest common factor of 2911 and 71.
71
Calculate the greatest common factor of 303 and 18483.
303
What is the greatest common factor of 33 and 1859?
11
What is the greatest common factor of 420 and 240?
60
Calculate the greatest common divisor of 11 and 95678.
11
What is the highest common factor of 306 and 20961?
153
Calculate the greatest common factor of 278 and 31553.
139
What is the highest common divisor of 624 and 728?
104
What is the highest common divisor of 1740 and 24?
12
Calculate the greatest common factor of 3 and 8.
1
What is the greatest common factor of 345 and 1495?
115
What is the highest common divisor of 790 and 640?
10
Calculate the highest common factor of 174 and 290.
58
What is the greatest common divisor of 681 and 9?
3
What is the greatest common divisor of 1920 and 15?
15
What is the highest common divisor of 5235 and 15?
15
Calculate the highest common factor of 3699 and 135.
27
What is the greatest common divisor of 231 and 301?
7
Calculate the greatest common divisor of 270 and 36.
18
What is the greatest common divisor of 703 and 111?
37
What is the highest common factor of 2256 and 705?
141
Calculate the greatest common divisor of 20 and 35590.
10
Calculate the highest common divisor of 294 and 686.
98
Calculate the greatest common factor of 22 and 15763.
11
What is the greatest common factor of 70 and 320?
10
What is the highest common divisor of 90 and 240?
30
Calculate the greatest common divisor of 15588 and 54.
18
What i